{"id":32,"date":"2026-09-02T11:50:00","date_gmt":"2026-09-02T11:50:00","guid":{"rendered":"https:\/\/wp.argellyes.fr\/?page_id=32"},"modified":"2026-09-03T15:32:16","modified_gmt":"2026-09-03T15:32:16","slug":"participer-adherer","status":"publish","type":"page","link":"https:\/\/wp.argellyes.fr\/index.php\/participer-adherer\/","title":{"rendered":"Participer \/ Adh\u00e9rer"},"content":{"rendered":"\n<h2 class=\"wp-block-heading\">Envie de participer \u00e0 la vie d\u2019Argell\u2019Yes ?<\/h2>\n\n\n\n<p class=\"wp-block-paragraph\">Que vous souhaitiez simplement venir \u00e0 un \u00e9v\u00e9nement, proposer une id\u00e9e, donner un coup de main ponctuellement ou rejoindre l\u2019association, toutes les formes de participation sont les bienvenues.<\/p>\n\n\n\n<h3 class=\"wp-block-heading\">Participer \u00e0 un \u00e9v\u00e9nement<\/h3>\n\n\n\n<p class=\"wp-block-paragraph\">Retrouvez nos prochains rendez-vous dans l\u2019Agenda et venez simplement partager un moment avec nous.<\/p>\n\n\n\n<div class=\"wp-block-buttons is-layout-flex wp-block-buttons-is-layout-flex\">\n<div class=\"wp-block-button\"><a class=\"wp-block-button__link wp-element-button\" href=\"https:\/\/wp.argellyes.fr\/index.php\/agenda\/\">Voir l&rsquo;agenda<\/a><\/div>\n<\/div>\n\n\n\n<h3 class=\"wp-block-heading\">Proposer une id\u00e9e ou donner un coup de main<\/h3>\n\n\n\n<p class=\"wp-block-paragraph\">Une envie d\u2019activit\u00e9 ? Une comp\u00e9tence \u00e0 partager ? Quelques heures disponibles pour aider \u00e0 pr\u00e9parer un \u00e9v\u00e9nement ?<br>Argell\u2019Yes souhaite permettre aux habitants de proposer et de faire vivre leurs propres initiatives.<\/p>\n\n\n\n<div class=\"wp-block-buttons is-layout-flex wp-block-buttons-is-layout-flex\">\n<div class=\"wp-block-button\"><a class=\"wp-block-button__link wp-element-button\" href=\"mailto:contact-asso@argellyes.fr\">Nous contacter<\/a><\/div>\n<\/div>\n\n\n\n<h3 class=\"wp-block-heading\">Adh\u00e9rer \u00e0 Argell\u2019Yes<\/h3>\n\n\n\n<p class=\"wp-block-paragraph\">Adh\u00e9rer permet de soutenir l\u2019association et de prendre part \u00e0 sa vie associative.<br><strong>Cotisation annuelle : 20 \u20ac<\/strong><\/p>\n\n\n\n<p class=\"wp-block-paragraph\">Pour adh\u00e9rer, contactez-nous \u00e0 <strong><a>contact-asso@argellyes.fr<\/a><\/strong>.<\/p>\n","protected":false},"excerpt":{"rendered":"<p>Envie de participer \u00e0 la vie d\u2019Argell\u2019Yes ? Que vous souhaitiez simplement venir \u00e0 un \u00e9v\u00e9nement, proposer une id\u00e9e, donner un coup de main ponctuellement ou rejoindre l\u2019association, toutes les formes de participation sont les bienvenues. Participer \u00e0 un \u00e9v\u00e9nement Retrouvez nos prochains rendez-vous dans l\u2019Agenda et venez simplement partager un moment avec nous. Proposer [&hellip;]<\/p>\n","protected":false},"author":2,"featured_media":0,"parent":0,"menu_order":0,"comment_status":"closed","ping_status":"closed","template":"","meta":{"footnotes":""},"class_list":["post-32","page","type-page","status-publish","hentry"],"_links":{"self":[{"href":"https:\/\/wp.argellyes.fr\/index.php\/wp-json\/wp\/v2\/pages\/32","targetHints":{"allow":["GET"]}}],"collection":[{"href":"https:\/\/wp.argellyes.fr\/index.php\/wp-json\/wp\/v2\/pages"}],"about":[{"href":"https:\/\/wp.argellyes.fr\/index.php\/wp-json\/wp\/v2\/types\/page"}],"author":[{"embeddable":true,"href":"https:\/\/wp.argellyes.fr\/index.php\/wp-json\/wp\/v2\/users\/2"}],"replies":[{"embeddable":true,"href":"https:\/\/wp.argellyes.fr\/index.php\/wp-json\/wp\/v2\/comments?post=32"}],"version-history":[{"count":3,"href":"https:\/\/wp.argellyes.fr\/index.php\/wp-json\/wp\/v2\/pages\/32\/revisions"}],"predecessor-version":[{"id":135,"href":"https:\/\/wp.argellyes.fr\/index.php\/wp-json\/wp\/v2\/pages\/32\/revisions\/135"}],"wp:attachment":[{"href":"https:\/\/wp.argellyes.fr\/index.php\/wp-json\/wp\/v2\/media?parent=32"}],"curies":[{"name":"wp","href":"https:\/\/api.w.org\/{rel}","templated":true}]}}

Participer / Adhérer

<h2 class="wp-block-heading">Envie de participer à la vie d’Argell’Yes ?</h2>



<p class="wp-block-paragraph">Que vous souhaitiez simplement venir à un événement, proposer une idée, donner un coup de main ponctuellement ou rejoindre l’association, toutes les formes de participation sont les bienvenues.</p>



<h3 class="wp-block-heading">Participer à un événement</h3>



<p class="wp-block-paragraph">Retrouvez nos prochains rendez-vous dans l’Agenda et venez simplement partager un moment avec nous.</p>



<div class="wp-block-buttons is-layout-flex wp-block-buttons-is-layout-flex">
<div class="wp-block-button"><a class="wp-block-button__link wp-element-button" href="https://wp.argellyes.fr/index.php/agenda/">Voir l&rsquo;agenda</a></div>
</div>



<h3 class="wp-block-heading">Proposer une idée ou donner un coup de main</h3>



<p class="wp-block-paragraph">Une envie d’activité ? Une compétence à partager ? Quelques heures disponibles pour aider à préparer un événement ?<br>Argell’Yes souhaite permettre aux habitants de proposer et de faire vivre leurs propres initiatives.</p>



<div class="wp-block-buttons is-layout-flex wp-block-buttons-is-layout-flex">
<div class="wp-block-button"><a class="wp-block-button__link wp-element-button" href="mailto:contact-asso@argellyes.fr">Nous contacter</a></div>
</div>



<h3 class="wp-block-heading">Adhérer à Argell’Yes</h3>



<p class="wp-block-paragraph">Adhérer permet de soutenir l’association et de prendre part à sa vie associative.<br><strong>Cotisation annuelle : 20 €</strong></p>



<p class="wp-block-paragraph">Pour adhérer, contactez-nous à <strong><a>contact-asso@argellyes.fr</a></strong>.</p>

<p>Envie de participer à la vie d’Argell’Yes ? Que vous souhaitiez simplement venir à un événement, proposer une idée, donner un coup de main ponctuellement ou rejoindre l’association, toutes les formes de participation sont les bienvenues. Participer à un événement Retrouvez nos prochains rendez-vous dans l’Agenda et venez simplement partager un moment avec nous. Proposer [&hellip;]</p>
