{"id":29,"date":"2026-09-02T11:50:00","date_gmt":"2026-09-02T11:50:00","guid":{"rendered":"https:\/\/wp.argellyes.fr\/?page_id=29"},"modified":"2026-09-03T15:27:02","modified_gmt":"2026-09-03T15:27:02","slug":"la-gazette","status":"publish","type":"page","link":"https:\/\/wp.argellyes.fr\/index.php\/la-gazette\/","title":{"rendered":"La gazette"},"content":{"rendered":"\n<p class=\"wp-block-paragraph\">Retrouvez ici les diff\u00e9rents num\u00e9ros de la Gazette d\u2019Argell\u2019Yes : actualit\u00e9s de l\u2019association, projets en cours, retours sur les \u00e9v\u00e9nements et informations sur la vie du village.<\/p>\n\n\n\n<h2 class=\"wp-block-heading\">La Gazette N\u00b01<\/h2>\n\n\n\n<p class=\"wp-block-paragraph\">Bient\u00f4t dans vos boites aux lettre et en t\u00e9l\u00e9chargement ici.<\/p>\n\n\n\n<hr class=\"wp-block-separator has-alpha-channel-opacity\"\/>\n","protected":false},"excerpt":{"rendered":"<p>Retrouvez ici les diff\u00e9rents num\u00e9ros de la Gazette d\u2019Argell\u2019Yes : actualit\u00e9s de l\u2019association, projets en cours, retours sur les \u00e9v\u00e9nements et informations sur la vie du village. La Gazette N\u00b01 Bient\u00f4t dans vos boites aux lettre et en t\u00e9l\u00e9chargement ici.<\/p>\n","protected":false},"author":2,"featured_media":0,"parent":0,"menu_order":0,"comment_status":"closed","ping_status":"closed","template":"","meta":{"footnotes":""},"class_list":["post-29","page","type-page","status-publish","hentry"],"_links":{"self":[{"href":"https:\/\/wp.argellyes.fr\/index.php\/wp-json\/wp\/v2\/pages\/29","targetHints":{"allow":["GET"]}}],"collection":[{"href":"https:\/\/wp.argellyes.fr\/index.php\/wp-json\/wp\/v2\/pages"}],"about":[{"href":"https:\/\/wp.argellyes.fr\/index.php\/wp-json\/wp\/v2\/types\/page"}],"author":[{"embeddable":true,"href":"https:\/\/wp.argellyes.fr\/index.php\/wp-json\/wp\/v2\/users\/2"}],"replies":[{"embeddable":true,"href":"https:\/\/wp.argellyes.fr\/index.php\/wp-json\/wp\/v2\/comments?post=29"}],"version-history":[{"count":3,"href":"https:\/\/wp.argellyes.fr\/index.php\/wp-json\/wp\/v2\/pages\/29\/revisions"}],"predecessor-version":[{"id":129,"href":"https:\/\/wp.argellyes.fr\/index.php\/wp-json\/wp\/v2\/pages\/29\/revisions\/129"}],"wp:attachment":[{"href":"https:\/\/wp.argellyes.fr\/index.php\/wp-json\/wp\/v2\/media?parent=29"}],"curies":[{"name":"wp","href":"https:\/\/api.w.org\/{rel}","templated":true}]}}

<p class="wp-block-paragraph">Retrouvez ici les différents numéros de la Gazette d’Argell’Yes : actualités de l’association, projets en cours, retours sur les événements et informations sur la vie du village.</p>



<h2 class="wp-block-heading">La Gazette N°1</h2>



<p class="wp-block-paragraph">Bientôt dans vos boites aux lettre et en téléchargement ici.</p>



<hr class="wp-block-separator has-alpha-channel-opacity"/>

<p>Retrouvez ici les différents numéros de la Gazette d’Argell’Yes : actualités de l’association, projets en cours, retours sur les événements et informations sur la vie du village. La Gazette N°1 Bientôt dans vos boites aux lettre et en téléchargement ici.</p>
